h + 3 = 13. Suppose -h*y + 60 = -y. Calculate the remainder when 57 is divided by y.
12
What is the remainder when (-273)/14*(1 + -3) is divided by 21?
18
Suppose 4*p - 2*p - 44 = 0. Suppose p + 3 = 5*l. Calculate the remainder when 8 is divided by l.
3
Suppose -13*b - 105 = -16*b. Calculate the remainder when 101 is divided by b.
31
Let v = -25 + 36. Suppose c + 0*w - 2*w - 89 = 0, -4*w = 2*c - 194. Calculate the remainder when (4/12)/(1/c) is divided by v.
9
Suppose -6 = -3*a - 2*w - w, 3*w - 8 = -2*a. Let p(b) = -2*b + 1. Let h = -5 - -7. Calculate the remainder when p(a) is divided by h.
1
Suppose 2*x + 3*r = -r + 226, 5*x = -r + 556. Suppose -4*y + x = -9. What is the remainder when y is divided by 16?
14
What is the remainder when 27 is divided by 127/8 - 13/(-104)?
11
Suppose -r + 12 = -2. Let x(s) = 2*s**3 - s**2 + 4*s - 2. What is the remainder when x(3) is divided by r?
13
Suppose -4*c = -5*c + 12. Let a(k) = k**3 - 6*k**2. Let r be a(6). Suppose s - 34 = -r*s. What is the remainder when s is divided by c?
10
Let b be 3/6 - 2/4. Suppose k = -b*k. Suppose k = -0*h - h + 14. Calculate the remainder when h is divided by 8.
6
Suppose 1 = -j, 0 = -2*y - j + 6*j + 17. Let m(n) = n**2 - 4*n - 2. Calculate the remainder when y is divided by m(5).
0
What is the remainder when ((-10)/4)/((-4)/(-8))*-13 is divided by 17?
14
Suppose -4*c + 44 - 8 = 0. Calculate the remainder when c is divided by 6/(-1 + 5 - 2).
0
Suppose 7*l = -4*l + 165. Let o(n) = 2*n**2 - 4*n + 8. Calculate the remainder when o(6) is divided by l.
11
Suppose 38 = r - 14. What is the remainder when r is divided by 18?
16
Suppose 4*t + 9 = 3*c, t + 7 = 3*c - 7*c. Let o be c*5/1*-1. Suppose 0*v + 155 = o*v. Calculate the remainder when v is divided by 11.
9
Let l = 15 - 11. Let y = -1 + 5. What is the remainder when (10/15)/(y/42) is divided by l?
3
Let g be 2/5 + 33/5. Suppose 4*i + g = 67. What is the remainder when (-12)/i*35/(-2) is divided by 5?
4
Let q = 96 + -80. Calculate the remainder when 111 is divided by q.
15
Suppose -16 = f + 3*f, 2*v + 6 = -4*f. Calculate the remainder when 17 is divided by v.
2
Suppose -2 = -i + 10. What is the remainder when 20 is divided by i?
8
Let n = 93 - 159. Let d(a) = -a**3 - 12*a**2 - 8*a - 9. Let t be d(-11). Let b = t - n. What is the remainder when b is divided by 9?
6
Suppose -4*t - 33 = -5*t - 3*m, m - 123 = -5*t. Calculate the remainder when t is divided by 14 + (-3)/6*0.
10
Suppose 6 = 2*u - 0. Suppose -5*g + 65 - 40 = 0. Calculate the remainder when g is divided by 0 - 0 - u*-1.
2
Let c = -5 - -9. Suppose 188 + 72 = c*z. What is the remainder when z is divided by 22?
21
Suppose -2*h - 124 = -6*h. Let f(n) = n**2 - 10. Let g(r) = 2*r**2 - r - 20. Let t(u) = -7*f(u) + 4*g(u). Calculate the remainder when h is divided by t(7).
9
Let j = -1 + 6. Let c = 11 - j. Let i = 9 + -5. What is the remainder when c is divided by i?
2
Let t(l) = 3*l**2 + 13*l - 5. What is the remainder when t(-8) is divided by 21?
20
Suppose 4*z + 2*i = 51 + 119, -1 = i. Calculate the remainder when z is divided by 16.
11
Let s = 26 - 7. What is the remainder when 168 is divided by s?
16
Let r(n) = 10*n**2 - 2*n - 2. Let h(b) = -5*b - 6. What is the remainder when r(2) is divided by h(-3)?
7
Suppose -a - 3 = -7. Suppose -5*p + 28 = 3*j, 84 = a*j - 5*p - 0*p. Calculate the remainder when 47 is divided by j.
15
Let v(l) = 39*l**2 + 2*l + 1. Let b(g) = g. Let z be b(-1). What is the remainder when v(z) is divided by 13?
12
What is the remainder when (-8)/14 - 1158/(-42) is divided by 4?
3
Let s(h) be the first derivative of -h**4/2 + 13*h**3/3 - 3*h + 7. Calculate the remainder when s(6) is divided by 7.
5
Suppose d - u - 3*u = 29, 7 = -d - 5*u. What is the remainder when 36 is divided by d?
10
Let f(b) = -3*b - 15. Let i(u) = -u**3 + 6*u**2 - 5*u - 4. Calculate the remainder when f(-12) is divided by i(4).
5
Suppose -2*o + 120 = 4*t, -2*t - 2*o + 36 = -26. Calculate the remainder when 48 is divided by t.
19
What is the remainder when 19/2*5/((-5)/(-4)) is divided by 13?
12
Let f(s) = -s**3 - 7*s**2 - 3*s - 9. Suppose 55 + 45 = 2*i. Let t = -16 + i. Calculate the remainder when t is divided by f(-7).
10
Let i = -7 + 27. Calculate the remainder when i is divided by 5.
0
Calculate the remainder when 42/((0 + 1)*1) is divided by 22.
20
Let x(v) = -v**3 + 9*v**2 - 6*v - 3. What is the remainder when 102 is divided by x(8)?
11
Suppose 0 = -2*u - 26 - 16. Let n = u + 53. Calculate the remainder when n is divided by 17.
15
Suppose 0 = 4*d + 4*u - 28 - 16, -2*d = -4*u - 16. Let r = -19 + 58. What is the remainder when r is divided by d?
9
Suppose -2*n - 4*g = -384, 5*n - 792 - 123 = -g. Suppose 4*o - 185 = -d, d - 3*d = 4*o - n. What is the remainder when o is divided by 16?
15
Let v(o) = 4*o**2 - 2*o + 1. Let s be v(-2). Suppose u = 5*r, 3*r + 6 = -5*u + 34. Calculate the remainder when u is divided by 32/14 - 6/s.
1
Suppose 20 = 4*n + n. Let x(b) = 2*b - 9. Calculate the remainder when x(11) is divided by n.
1
Let p be 624/3*(-6)/(-8). Suppose 3*s + s + p = 0. Let o = 58 + s. What is the remainder when 56 is divided by o?
18
Let g(v) = 4 - 1 + 8*v + 15*v**2 - v**3 - 18*v**2. What is the remainder when g(-5) is divided by 7?
6
Let d(c) be the third derivative of c**5/30 - 5*c**4/24 - c**3/3 - 2*c**2. Let s = 44 + -16. Calculate the remainder when s is divided by d(4).
8
Let v(s) = 251*s**2 - 1. Let y be v(-1). Suppose 0 = -l + 6*l - y. What is the remainder when l is divided by 17?
16
Suppose 5*j = -2*p + 82, 2*p - 2 = -10. What is the remainder when 33 is divided by j?
15
Suppose g - 5*g + 4*o = -372, -158 = -2*g - 5*o. What is the remainder when g is divided by 46?
43
Suppose 0 = -2*l + 60 + 6. Suppose -l = -3*i - 3. What is the remainder when 28 is divided by i?
8
Let f(s) be the first derivative of -s**3/3 - 6*s**2 - 3*s + 2. Calculate the remainder when f(-9) is divided by 13.
11
Let y(o) be the third derivative of -o**4/24 + 5*o**3/6 - 5*o**2. Calculate the remainder when 62 is divided by y(-16).
20
Calculate the remainder when (-1)/(-2) - (-113)/2 is divided by 20.
17
Suppose 3*d - 8*d = 5*w - 70, 0 = 4*d + 5*w - 57. Calculate the remainder when d is divided by (-35)/(-2)*2/(-25)*-5.
6
Let z(b) = -b**3 - 14*b**2 - 15*b - 13. What is the remainder when 25 - (1 + 0/1) is divided by z(-13)?
11
Let r(i) = i**3 + i. Let u be r(1). Calculate the remainder when (-1)/(3/(-126)) - u is divided by 14.
12
Suppose -182 = -10*g + 28. What is the remainder when 104 is divided by g?
20
Let x(v) = -v**2 + 9*v + 16. Let i be x(13). Let b = 59 - i. Suppose 6*j = j + b. What is the remainder when j is divided by 11?
8
Suppose -2*q - 3*q = -1005. Let w = 54 + q. Calculate the remainder when (2/3)/(10/w) is divided by 6.
5
Let n(i) = -i**2 - 8*i - 2. Let p(m) = 2*m + 8. Calculate the remainder when n(-3) is divided by p(-2).
1
Let i(d) = d**2 - 7*d - 1. Calculate the remainder when 200 is divided by i(10).
26
Let t = 49 + -33. What is the remainder when 30 is divided by t?
14
Let t(w) = 2*w**2 - w - 1. Let o be t(-5). Let h be (-9)/(-6)*12/9. What is the remainder when 1/(h - 105/o) is divided by 10?
8
Let j(l) = l**3 + 4*l**2 - l. Let m be j(-5). Let d be (45/(-12) - 1)*m. Suppose -3*h + d = 2*h. What is the remainder when h is divided by 11?
8
Suppose 4*y + 51 = 7*y. Calculate the remainder when 50 is divided by y.
16
Let q(o) = 2*o**2 - 3*o + 3. Suppose 36*k - 105 = 31*k. Calculate the remainder when k is divided by q(3).
9
Let t(v) = -19*v + 1. Let l(k) = k**3 + 6*k**2 - 1. Suppose 0 = 2*b, y = b - 11 + 5. Let i be l(y). What is the remainder when 59 is divided by t(i)?
19
Suppose y + 19 = 57. Suppose 14 = 4*h - y. What is the remainder when 51 is divided by h?
12
Let i = 29 - 6. What is the remainder when 43 is divided by i?
20
Suppose -3*c = 46 - 82. What is the remainder when 31 is divided by c?
7
Suppose -2*o = -4*o + 10. What is the remainder when 17 is divided by o?
2
Let w be -6 + 5 + (0 - -7). Suppose -2*m - 68 = -w*m. Suppose 5*t - 216 - 34 = 0. Calculate the remainder when t is divided by m.
16
Let h(w) = 1. Let d(a) = 3*a**2 + 3*a + 5. Let f(g) = d(g) - 3*h(g). Calculate the remainder when 57 is divided by f(-3).
17
Let n(r) = -7*r + 5. Let f be n(-4). Let l(b) = b